{"id":6,"date":"2025-06-27T09:40:27","date_gmt":"2025-06-27T07:40:27","guid":{"rendered":"https:\/\/demo2.jpj.ovh\/?page_id=6"},"modified":"2025-06-27T12:32:07","modified_gmt":"2025-06-27T10:32:07","slug":"home","status":"publish","type":"page","link":"https:\/\/demo2.jpj.ovh\/","title":{"rendered":"Home"},"content":{"rendered":"\n<h1 class=\"wp-block-heading\">Taxi du Romarin \u00e0 Castelnau-le-Lez<\/h1>\n\n\n\n<p class=\"has-text-align-left\">Besoin d\u2019un taxi fiable, ponctuel et confortable ? Notre chauffeur exp\u00e9riment\u00e9 vous accompagne 24h\/24 et 7j\/7 pour tous vos d\u00e9placements \u00e0 Castelnau-le-Lez, Montpellier, l\u2019a\u00e9roport, la gare ou toute autre destination.<\/p>\n\n\n\n<p class=\"has-text-align-left\">Contactez-nous directement pour un service rapide et personnalis\u00e9.<\/p>\n\n\n\n<div style=\"height:20px\" aria-hidden=\"true\" class=\"wp-block-spacer\"><\/div>\n\n\n\n<hr class=\"wp-block-separator has-alpha-channel-opacity\"\/>\n\n\n\n<div style=\"height:20px\" aria-hidden=\"true\" class=\"wp-block-spacer\"><\/div>\n\n\n\n<div class=\"wp-block-columns is-layout-flex wp-container-core-columns-is-layout-9d6595d7 wp-block-columns-is-layout-flex\">\n<div class=\"wp-block-column is-layout-flow wp-block-column-is-layout-flow\">\n<h4 class=\"wp-block-heading\">Les + de Taxi du Romarin<\/h4>\n\n\n\n<p>V\u00e9hicule climatis\u00e9 &#8211; Devis gratuit &#8211; Animaux accept\u00e9s &#8211; V\u00e9hicule soign\u00e9<\/p>\n<\/div>\n\n\n\n<div class=\"wp-block-column is-layout-flow wp-block-column-is-layout-flow\">\n<h4 class=\"wp-block-heading\">Taxi conventionn\u00e9<\/h4>\n\n\n\n<p>En tant que Taxi conventionn\u00e9, vos d\u00e9placements m\u00e9dicaux sont pris en charge par la s\u00e9curit\u00e9 sociale.<\/p>\n<\/div>\n\n\n\n<div class=\"wp-block-column is-layout-flow wp-block-column-is-layout-flow\">\n<h4 class=\"wp-block-heading\">Carole Meler \u00e0 votre service<\/h4>\n\n\n\n<p>Carole Meler met \u00e0 votre service son professionnalisme et sa bonne humeur. Ses clients appr\u00e9cient sa discr\u00e9tion et son savoir-vivre.<\/p>\n<\/div>\n<\/div>\n\n\n\n<hr class=\"wp-block-separator has-alpha-channel-opacity\"\/>\n\n\n\n<h2 class=\"wp-block-heading\"><strong>Avis clients :<\/strong><\/h2>\n\n\n\n<p>Ils nous font confiance :<\/p>\n\n\n\n<p>\u2018Service impeccable, chauffeur ponctuel et tr\u00e8s sympathique !\u2019 \u2013 Marie, juin 2025<br>\u2018R\u00e9servation facile, voiture propre et confortable. Je recommande !\u2019 \u2013 Jean, mai 2025<br>\u2018J&rsquo;ai appel\u00e9 Taxi du Romarin, car je n&rsquo;avais pas d&rsquo;autre possibilit\u00e9 pour me rendre \u00e0 la gare depuis Castelnau-le-lez. Il y avait beaucoup de travaux sur Montpellier et j&rsquo;avais peur d&rsquo;arriver en retard et de louper mon train, Carole a su me rassurer et le trajet s&rsquo;est fait dans la bonne humeur. J&rsquo;ai eu mon train avec encore de l&rsquo;avance, et je fais, depuis, r\u00e9guli\u00e8rement appel \u00e0 elle.\u2018 \u2013 Mireille, f\u00e9vrier 2025<\/p>\n\n\n\n<blockquote class=\"wp-block-quote is-layout-flow wp-block-quote-is-layout-flow\">\n<p><\/p>\n<\/blockquote>\n\n\n\n<p><\/p>\n","protected":false},"excerpt":{"rendered":"<p>Taxi du Romarin \u00e0 Castelnau-le-Lez Besoin d\u2019un taxi fiable, ponctuel et confortable ? Notre chauffeur exp\u00e9riment\u00e9 vous accompagne 24h\/24 et 7j\/7 pour tous vos d\u00e9placements \u00e0 Castelnau-le-Lez, Montpellier, l\u2019a\u00e9roport, la gare ou toute autre destination. Contactez-nous directement pour un service rapide et personnalis\u00e9. Les + de Taxi du Romarin V\u00e9hicule climatis\u00e9 &#8211; Devis gratuit &#8211; [&hellip;]<\/p>\n","protected":false},"author":1,"featured_media":0,"parent":0,"menu_order":0,"comment_status":"closed","ping_status":"closed","template":"frontpage.php","meta":{"footnotes":""},"class_list":["post-6","page","type-page","status-publish","hentry"],"_links":{"self":[{"href":"https:\/\/demo2.jpj.ovh\/index.php?rest_route=\/wp\/v2\/pages\/6","targetHints":{"allow":["GET"]}}],"collection":[{"href":"https:\/\/demo2.jpj.ovh\/index.php?rest_route=\/wp\/v2\/pages"}],"about":[{"href":"https:\/\/demo2.jpj.ovh\/index.php?rest_route=\/wp\/v2\/types\/page"}],"author":[{"embeddable":true,"href":"https:\/\/demo2.jpj.ovh\/index.php?rest_route=\/wp\/v2\/users\/1"}],"replies":[{"embeddable":true,"href":"https:\/\/demo2.jpj.ovh\/index.php?rest_route=%2Fwp%2Fv2%2Fcomments&post=6"}],"version-history":[{"count":22,"href":"https:\/\/demo2.jpj.ovh\/index.php?rest_route=\/wp\/v2\/pages\/6\/revisions"}],"predecessor-version":[{"id":65,"href":"https:\/\/demo2.jpj.ovh\/index.php?rest_route=\/wp\/v2\/pages\/6\/revisions\/65"}],"wp:attachment":[{"href":"https:\/\/demo2.jpj.ovh\/index.php?rest_route=%2Fwp%2Fv2%2Fmedia&parent=6"}],"curies":[{"name":"wp","href":"https:\/\/api.w.org\/{rel}","templated":true}]}}